Let h = 97 + j. Let z be (36/h)/(6/32). Let f(c) = -c**2 + 13*c - 5. Determine f(z).
7
Let u(s) be the second derivative of -s**3/3 - 10*s**2 + 368*s. Calculate u(-4).
-12
Let w(p) = -4*p**2 + p - 4. Let f(q) = q**3 + 5*q**2 - 16*q + 2. Let o(r) = -f(r) - 4*w(r). Let a be (1 - -17)*24/36. Calculate o(a).
14
Let c(g) = -27*g + g + 27*g + 2*g**2. Let k be (-10)/4 + (-45)/(-30). Calculate c(k).
1
Let l(h) be the third derivative of h**5/60 - h**4/24 + h**3/2 + 352*h**2 + 2*h. Let c(a) = -a**2 - 4*a. Let f be c(-4). Suppose f*z = -2*z. Determine l(z).
3
Let b be (-7)/(56/(-8)) + 12. Let c(q) be the second derivative of q**3/6 - 7*q**2/2 - 185*q. Give c(b).
6
Let n = 56 - 54. Let f(k) = 2*k**2 + 3*k + 4*k - 3 - 8*k - 3*k**n. Let a = -4 - -1. Give f(a).
-9
Let g(a) = -2. Suppose 24 = -21*w + 19*w + 5*l, 4*w + 4 = -l. Let s(k) = -3*k**2 - 2*k - 1. Let x(m) = w*g(m) + s(m). Determine x(2).
-13
Let w(l) = -l**2 - 45*l - 382. Let x be w(-11). Let b(m) = -m**3 - 8*m**2 - 7*m - 8. Determine b(x).
48
Let x(p) = -139*p - 414. Let d be x(-3). Let l(t) be the second derivative of 1/6*t**d - t**2 + 1/20*t**5 + 1/12*t**4 - 5*t + 0. Give l(-2).
-8
Let u(l) = l**3 + 9*l**2 - 9*l - 9. Let f(g) = 2*g**2 + 28*g - 10. Suppose 0 = -17*v + 14*v - 42. Let m be f(v). Determine u(m).
-19
Suppose -75*n = -73*n - 4*f + 6, 5*f = 0. Let r(m) = m**3 + 2*m**2 - 1. Calculate r(n).
-10
Let z(c) = 13*c + 53. Let v(s) = -s**3 + 2*s**2 + s - 7. Let t be v(2). Calculate z(t).
-12
Let r(t) be the first derivative of -3*t**2 + 2*t - 2718. Calculate r(-9).
56
Suppose 3*h - 173 = 5*m, h + 101 = -5*m + 2*m. Let d = 36 + m. Let v(u) = -22*u - 3*u**2 + 2*u**d + 47*u - 2 - 21*u. Calculate v(2).
2
Suppose 2*u - 43*u = 902. Let z(a) = -a - 42. What is z(u)?
-20
Let s(y) = 7*y**2 + 6*y - 13. Let f(q) = -20*q**2 - 14*q + 32. Let o(n) = -6*f(n) - 17*s(n). Determine o(17).
12
Suppose 2*v = v + 5. Suppose 2*x = v*u - 34, x + 4*u - 1 = 8. Let b(a) = 7. Let j(g) = g + 1. Let i(c) = b(c) + j(c). What is i(x)?
1
Suppose -31 = -h - 2*h + 4*u, -u = 4*h - 35. Suppose -h*f + 18 + 27 = 0. Suppose f*k + 12 = -k. Let p(d) = 2*d**3 + 3*d**2. Give p(k).
-4
Let c(o) = -7*o**3 + 0*o + 0*o**3 + o - 1 + o**2. Let b(a) = 38 - 6*a + 41 + a - 8*a. Let h be b(6). Calculate c(h).
-6
Let c(w) = w - w**2 - 6*w - 13*w + 26*w + 41 + 5*w. Let j be c(16). Let p(y) = y**3 + 7*y**2 + 2*y + 4. Calculate p(j).
-10
Let s(q) = -69*q**2 - 4*q - 51. Let j(o) = 104*o**2 + 6*o + 82. Let w(a) = 5*j(a) + 8*s(a). What is w(1)?
-32
Let q(x) be the first derivative of -x**3/3 + 7*x**2 - 30*x - 1876. Give q(12).
-6
Suppose -4*g + 4*l - 36 = 0, -3*g + g + 3*l - 23 = 0. Let u be (8 + -6)/(g/6). Let v(s) = -3 + 2 + 10*s - 11*s + 4. Give v(u).
6
Let p(g) = 20*g + 7. Let z be -4 - 15/((-105)/14). Determine p(z).
-33
Let f(w) be the first derivative of w**2 - 7*w - 508. Suppose 0 = 2*a - 3*a + 5. Give f(a).
3
Let c(i) = -i**2 + 9*i - 9. Let b = 8 + -6. Let s(o) = 9*o - 15 + 6*o - o - 3*o. Let k be s(b). Determine c(k).
5
Let a(i) = -2*i**2 + 4*i + 6. Suppose 14*o - 3*r = 13*o + 4, -o + r = -4. Let j be -4 - ((-24)/(o - 1) + 0). Give a(j).
-10
Let k(m) = m**2 + 14*m + 45. Let o(a) = -a**3 + 8*a**2 + 31*a - 267. Let n be o(6). Determine k(n).
0
Suppose 254 = -40*f - 351 + 765. Let j(k) = k**3 - 3*k**2 - 9*k + 12. Calculate j(f).
-8
Let i = 256 + -207. Let m be (-2 - 0)*(-94)/4. Let z = m - i. Let p(o) = o**3 + 2*o**2 - 3*o - 3. Calculate p(z).
3
Let f(i) = i - 40. Suppose -4*p = -118*p + 3192. What is f(p)?
-12
Let z(y) = -10 - 764*y + 2 + 758*y. Let l be z(-2). Let m(v) = 6*v**2 - 5*v**2 + 6 + v**3 - 4*v**2 + l*v**2. What is m(0)?
6
Suppose -u - 82 = 2*v - 89, 4*v - 5*u - 7 = 0. Let i(f) = 3*f**3 - 2*f**2 - 8*f + 4. What is i(v)?
43
Let t(l) = -2*l**3 + 79*l**2 - 41*l + 84. Let s be t(39). Let m be (s/28*4)/(244/(-854)). Let y(z) = -3*z + 0*z**2 + 2*z**2 + z**2 - 1 + z**3. Determine y(m).
8
Let f be 60/14 - (-22)/(-77). Suppose 9 + 11 = -f*o, a - 3*o = 9. Let g(d) = -d**3 - 5*d**2 + 5*d - 1. What is g(a)?
5
Suppose -n - 216 = -23*n - 14*n. Let w(o) = 2*o - 26. Calculate w(n).
-14
Suppose -9 = -0*p + p. Let d(n) = -8 - 14*n + 1 - 10*n + 19*n - 2. Determine d(p).
36
Let x = -1068 + 616. Let c = x + 447. Let v(m) = 2*m - 3. What is v(c)?
-13
Suppose 5*y - 28 + 1 = -2*f, -4*y + f + 6 = 0. Let k(n) be the second derivative of 24*n - 1/6*n**y + 0*n**2 + 0. Calculate k(4).
-4
Suppose -3*c + 45 - 18 = 0. Suppose -c = 14*o - 15*o. Let h(f) = -f + 16. Calculate h(o).
7
Let s(m) = m**2 - 8*m - 7. Let v = -915 + 909. Calculate s(v).
77
Suppose -4*u = 17*g - 13*g - 1884, -4*u - 1448 = -3*g. Let m = 474 - g. Let t(j) = -17*j + 1. Give t(m).
35
Let c(p) = p - 5. Let z be ((-20)/(-30))/(2/9) + 33. Suppose 9 = 9*t - z. Calculate c(t).
0
Let w(s) = 6 - 4486*s + 2237*s + 2253*s. What is w(-2)?
-2
Let q(k) = -k**2 + 4*k - 1. Let v(l) = -16*l**2 + 22*l - 7. Let x(b) = -6*q(b) + v(b). What is x(2)?
-45
Let p(j) be the third derivative of -j**5/60 + 13*j**4/24 - 11*j**3/3 + 146*j**2. Calculate p(4).
14
Let b(z) = 2*z**2 - 223*z - 1656. Let j be b(-7). Let u(m) = 4*m**2 - 3*m**2 + 4 - 3 + 2*m. What is u(j)?
16
Let z(l) = -203*l + l**3 + 169*l + 48*l - 70 + 18*l**2. Determine z(-17).
-19
Let o(l) = -l**3 + 166*l**2 + 227*l - 10024. Let j be o(167). Let v(k) = k + 4 + 0*k + 2. Calculate v(j).
2
Let b(l) = -3*l**2 - l + 4. Let g = 145 - 14. Let h = 128 - g. Give b(h).
-20
Let v(x) = -x + 2. Suppose -5*w = -62 - 23. Suppose 4*a + 8*g + 2 = 3*g, 5*a + w = g. Determine v(a).
5
Let x(h) be the third derivative of -h**4/8 + 23*h**3/6 + 1970*h**2. Determine x(17).
-28
Let x(r) be the first derivative of -263 + 1/2*r**2 - 6*r. Let l = 13 + -8. What is x(l)?
-1
Let d(x) = x - 10. Let v be 848/(-6)*(-3 - (1 + -1)). Let t = v - 414. What is d(t)?
0
Let p(x) = 14 + 38*x**3 - 37*x**3 - 22*x**2 + 30*x**2 + 3*x. Calculate p(-8).
-10
Let y(i) be the third derivative of i**5/30 + 7*i**4/24 + 5*i**3/3 - 3031*i**2 + i. Calculate y(-5).
25
Let z be -1 - -2 - 6/1. Let n(j) = -27*j**3 + 7 - 4*j + 4*j**2 - 32*j**3 + 142*j**3 - 30*j**3 - 52*j**3. Give n(z).
2
Suppose 0*k = -9*k + 36. Let s(o) = 13 + k + 2*o + 8 - 22 + 8. Give s(-6).
-1
Let s = 564 + -567. Let b be (-21)/7 + (5 + -4)*s. Let d(z) = z**2 + 2*z. Determine d(b).
24
Let n be (-22)/(-5) - 1 - 52/130. Let o(u) = -9 + 3*u**2 + 12 - 2*u**2 - 3*u**2 + 3*u + 0. What is o(n)?
-6
Let l(b) be the second derivative of 11/6*b**3 - 2 + 1/12*b**4 + b**2 - 19*b. Determine l(-10).
-8
Let s(l) be the first derivative of -4*l**2 - 62*l - 10255. Calculate s(-6).
-14
Suppose -5*m - 49 = 216. Let g = -44 - m. Let x(t) = -t**2 + 2 + 2*t + 0*t + 4 - g. What is x(3)?
-6
Let d(l) be the third derivative of l**4/6 + 19*l**3/3 - 461*l**2. Calculate d(-13).
-14
Let g(h) = -42*h + 40. Let r be ((-3)/4)/((-411)/548). Determine g(r).
-2
Let q(o) = -8 - 32*o + 14*o**3 + 0*o**2 - 3*o**2 + 6*o - 13*o**3. Give q(7).
6
Let j(c) = c + 38. Let n(u) = -13. Let z(k) = -693. Let x(g) = -264*n(g) + 5*z(g). Let h(m) = 2*j(m) + 3*x(m). What is h(17)?
11
Suppose 5*q + 2*c = 0, 4*c + 15 = c. Let h(v) = v + 4*v + 6*v - 9*v - 4*v + q. Calculate h(4).
-6
Let v(w) = 4*w + 44. Suppose 26 - 84 = 20*q + 62. What is v(q)?
20
Let i(p) be the third derivative of p**5/60 + 31*p**4/24 - p**3/3 - 1819*p**2. Give i(-30).
-32
Let u(w) = -w**3 - 3*w**2 + 1. Let q be u(-2). Let j(r) = -19*r - 134. Let d(c) = 12*c + 84. Let m(z) = -8*d(z) - 5*j(z). Determine m(q).
1
Suppose -3*w = -w + 4. Let l(z) be the second derivative of z**6/720 + z**5/60 + 4*z**4 - 2*z - 1. Let i(k) be the third derivative of l(k). Determine i(w).
0
Suppose -3*a + 7*a = -5*y - 42, -y = 3*a + 15. Let u be (-1)/(-2)*(8 + -2). Let f(j) = -3*j + 4*j - 6*j**2 - 2*j**3 + 6*j**u - 5*j**3. Calculate f(y).
-6
Let s = -10 - 21. Suppose 122*w + 2633 - 331 = -2578. Let q = s - w. Let g(k) = -k**2 + 9*k + 7. Calculate g(q).
7
Let s(l) = -9*l. Suppose 3*k - 4*n - 8 = 0, -3*n = -k - 2*n + 3. Let y be ((-20)/(-30))/(k/(-6)). Give s(y).
9
Let j(g) be the third derivative of g**6/360 - g**5/24 + g**4/4 + 2*g**2 - 50*g. Let r(v) be the second derivative of j(v). Give r(3).
1
Suppose 31*t - 26 = 18*t. Let n(f) = -t - 145*f + 15 - 139*f + 281*f. Give n(10).
-17
Suppose -5*l + 6 = 2*o, 2*l - 4*o - 12 = -0*l. Suppose l*j = 145 - 157. Let p(r) 